Last updated on 2024-04-18 21:56:44 CEST.
Flavor | Version | Tinstall | Tcheck | Ttotal | Status | Flags |
---|---|---|---|---|---|---|
r-devel-linux-x86_64-debian-clang | 1.1.0 | 6.98 | 58.93 | 65.91 | NOTE | |
r-devel-linux-x86_64-debian-gcc | 1.1.0 | 5.77 | 44.77 | 50.54 | NOTE | |
r-devel-linux-x86_64-fedora-clang | 1.1.0 | 88.98 | NOTE | |||
r-devel-linux-x86_64-fedora-gcc | 1.1.0 | 88.78 | NOTE | |||
r-prerel-macos-arm64 | 1.1.0 | 28.00 | NOTE | |||
r-prerel-macos-x86_64 | 1.1.0 | 48.00 | OK | |||
r-prerel-windows-x86_64 | 1.1.0 | 8.00 | 67.00 | 75.00 | NOTE | |
r-patched-linux-x86_64 | 1.1.0 | 5.04 | 55.72 | 60.76 | NOTE | |
r-release-linux-x86_64 | 1.1.0 | 5.70 | 56.43 | 62.13 | OK | |
r-release-macos-arm64 | 1.1.0 | 27.00 | OK | |||
r-release-macos-x86_64 | 1.1.0 | 42.00 | OK | |||
r-release-windows-x86_64 | 1.1.0 | 10.00 | 75.00 | 85.00 | OK | |
r-oldrel-macos-arm64 | 1.1.0 | 31.00 | OK | |||
r-oldrel-windows-x86_64 | 1.1.0 | 11.00 | 99.00 | 110.00 | OK |
Version: 1.1.0
Check: Rd files
Result: NOTE
checkRd: (-1) count_cases.Rd:49: Lost braces in \itemize; \value handles \item{}{} directly
checkRd: (-1) count_cases.Rd:50: Lost braces in \itemize; \value handles \item{}{} directly
checkRd: (-1) count_cases.Rd:51: Lost braces in \itemize; \value handles \item{}{} directly
checkRd: (-1) count_cases.Rd:52: Lost braces in \itemize; \value handles \item{}{} directly
checkRd: (-1) count_cases.Rd:53: Lost braces in \itemize; \value handles \item{}{} directly
checkRd: (-1) enrich.Rd:75: Lost braces in \itemize; \value handles \item{}{} directly
checkRd: (-1) enrich.Rd:76: Lost braces in \itemize; \value handles \item{}{} directly
checkRd: (-1) enrich.Rd:77: Lost braces in \itemize; \value handles \item{}{} directly
checkRd: (-1) enrich.Rd:78: Lost braces in \itemize; \value handles \item{}{} directly
checkRd: (-1) enrich.Rd:83: Lost braces in \itemize; \value handles \item{}{} directly
checkRd: (-1) enrich.Rd:84: Lost braces in \itemize; \value handles \item{}{} directly
checkRd: (-1) enrich.Rd:85: Lost braces in \itemize; \value handles \item{}{} directly
checkRd: (-1) enrich.Rd:86: Lost braces in \itemize; \value handles \item{}{} directly
checkRd: (-1) enrich.Rd:87: Lost braces in \itemize; \value handles \item{}{} directly
checkRd: (-1) enrich.Rd:88: Lost braces in \itemize; \value handles \item{}{} directly
Flavors: r-devel-linux-x86_64-debian-clang, r-devel-linux-x86_64-debian-gcc, r-devel-linux-x86_64-fedora-clang, r-devel-linux-x86_64-fedora-gcc, r-prerel-macos-arm64, r-prerel-windows-x86_64, r-patched-linux-x86_64