Last updated on 2025-05-06 20:50:34 CEST.
Flavor | Version | Tinstall | Tcheck | Ttotal | Status | Flags |
---|---|---|---|---|---|---|
r-devel-linux-x86_64-debian-clang | 1.0.3 | 6.04 | 76.74 | 82.78 | NOTE | |
r-devel-linux-x86_64-debian-gcc | 1.0.3 | 3.91 | 58.66 | 62.57 | NOTE | |
r-devel-linux-x86_64-fedora-clang | 1.0.3 | 135.14 | OK | |||
r-devel-linux-x86_64-fedora-gcc | 1.0.3 | 146.59 | OK | |||
r-devel-windows-x86_64 | 1.0.3 | 7.00 | 138.00 | 145.00 | OK | |
r-patched-linux-x86_64 | 1.0.3 | 5.43 | 73.88 | 79.31 | OK | |
r-release-linux-x86_64 | 1.0.3 | 4.47 | 74.94 | 79.41 | OK | |
r-release-macos-arm64 | 1.0.3 | 53.00 | OK | |||
r-release-macos-x86_64 | 1.0.3 | 106.00 | OK | |||
r-release-windows-x86_64 | 1.0.3 | 6.00 | 121.00 | 127.00 | OK | |
r-oldrel-macos-arm64 | 1.0.3 | 48.00 | OK | |||
r-oldrel-macos-x86_64 | 1.0.3 | 80.00 | OK | |||
r-oldrel-windows-x86_64 | 1.0.3 | 9.00 | 138.00 | 147.00 | OK |
Version: 1.0.3
Check: CRAN incoming feasibility
Result: NOTE
Maintainer: ‘Adrian Timpson <a.timpson@ucl.ac.uk>’
Package has help file(s) containing later-stage \Sexpr{} expressions
but no 'build/stage23.rdb' file.
Package CITATION file contains call(s) to old-style personList() or
as.personList(). Please use c() on person objects instead.
Package CITATION file contains call(s) to old-style citEntry(). Please
use bibentry() instead.
Flavors: r-devel-linux-x86_64-debian-clang, r-devel-linux-x86_64-debian-gcc