Last updated on 2025-11-03 21:50:13 CET.
| Flavor | Version | Tinstall | Tcheck | Ttotal | Status | Flags | 
|---|---|---|---|---|---|---|
| r-devel-linux-x86_64-debian-clang | 0.1.0 | 1.70 | 24.99 | 26.69 | NOTE | |
| r-devel-linux-x86_64-debian-gcc | 0.1.0 | 1.52 | 18.05 | 19.57 | NOTE | |
| r-devel-linux-x86_64-fedora-clang | 0.1.0 | 38.87 | OK | |||
| r-devel-linux-x86_64-fedora-gcc | 0.1.0 | 36.89 | OK | |||
| r-devel-windows-x86_64 | 0.1.0 | 6.00 | 57.00 | 63.00 | OK | |
| r-patched-linux-x86_64 | 0.1.0 | 1.41 | 23.85 | 25.26 | OK | |
| r-release-linux-x86_64 | 0.1.0 | 1.66 | 22.84 | 24.50 | OK | |
| r-release-macos-arm64 | 0.1.0 | 1.00 | 17.00 | 18.00 | OK | |
| r-release-macos-x86_64 | 0.1.0 | 2.00 | 27.00 | 29.00 | OK | |
| r-release-windows-x86_64 | 0.1.0 | 4.00 | 55.00 | 59.00 | OK | |
| r-oldrel-macos-arm64 | 0.1.0 | 1.00 | 21.00 | 22.00 | NOTE | |
| r-oldrel-macos-x86_64 | 0.1.0 | 2.00 | 22.00 | 24.00 | NOTE | |
| r-oldrel-windows-x86_64 | 0.1.0 | 2.00 | 50.00 | 52.00 | NOTE | 
Version: 0.1.0
Check: CRAN incoming feasibility
Result: NOTE
  Maintainer: ‘Yalin Zhu <yalin.zhu@outlook.com>’
  
  No Authors@R field in DESCRIPTION.
  Please add one, modifying
    Authors@R: person(given = "Yalin",
                      family = "Zhu",
                      role = c("aut", "cre"),
                      email = "yalin.zhu@outlook.com")
  as necessary.
Flavors: r-devel-linux-x86_64-debian-clang, r-devel-linux-x86_64-debian-gcc
Version: 0.1.0
Check: LazyData
Result: NOTE
    'LazyData' is specified without a 'data' directory
Flavors: r-oldrel-macos-arm64, r-oldrel-macos-x86_64, r-oldrel-windows-x86_64