Last updated on 2024-04-19 20:56:31 CEST.
Flavor | Version | Tinstall | Tcheck | Ttotal | Status | Flags |
---|---|---|---|---|---|---|
r-devel-linux-x86_64-debian-clang | 0.0.22 | 2.59 | 32.93 | 35.52 | OK | |
r-devel-linux-x86_64-debian-gcc | 0.0.22 | OK | ||||
r-devel-linux-x86_64-fedora-clang | 0.0.22 | 45.12 | OK | |||
r-devel-linux-x86_64-fedora-gcc | 0.0.22 | 43.65 | OK | |||
r-prerel-macos-arm64 | 0.0.22 | 29.00 | OK | |||
r-prerel-windows-x86_64 | 0.0.22 | 5.00 | 55.00 | 60.00 | OK | |
r-patched-linux-x86_64 | 0.0.22 | 2.83 | 30.27 | 33.10 | OK | |
r-release-linux-x86_64 | 0.0.22 | 2.85 | 32.18 | 35.03 | OK | |
r-release-macos-arm64 | 0.0.22 | 29.00 | OK | |||
r-release-macos-x86_64 | 0.0.22 | 43.00 | OK | |||
r-release-windows-x86_64 | 0.0.22 | 5.00 | 111.00 | 116.00 | ERROR | |
r-oldrel-macos-arm64 | 0.0.22 | 31.00 | OK | |||
r-oldrel-windows-x86_64 | 0.0.22 | 5.00 | 77.00 | 82.00 | OK |
Version: 0.0.22
Check: examples
Result: ERROR
Running examples in 'ACEP-Ex.R' failed
The error most likely occurred in:
> ### Name: acep_clean
> ### Title: Limpieza de texto.
> ### Aliases: acep_clean
> ### Keywords: normalizacion
>
> ### ** Examples
>
> acep_clean("El SUTEBA fue al paro. Reclaman mejoras salariales.", rm_cesp = FALSE)
Warning in readRDS(url("https://observatoriodeconflictividad.org/basesdatos/tildes.rds")) :
URL 'https://observatoriodeconflictividad.org/basesdatos/tildes.rds': Timeout of 60 seconds was reached
Error in readRDS(url("https://observatoriodeconflictividad.org/basesdatos/tildes.rds")) :
cannot open the connection to 'https://observatoriodeconflictividad.org/basesdatos/tildes.rds'
Calls: acep_clean -> tryCatch -> tryCatchList -> readRDS
Execution halted
Flavor: r-release-windows-x86_64