CRAN Package Check Results for Package ACDm

Last updated on 2022-09-27 21:53:43 CEST.

Flavor Version Tinstall Tcheck Ttotal Status Flags
r-devel-linux-x86_64-debian-clang 1.0.4.1 18.78 98.88 117.66 OK
r-devel-linux-x86_64-debian-gcc 1.0.4.1 16.66 73.64 90.30 OK
r-devel-linux-x86_64-fedora-clang 1.0.4.1 169.96 WARN
r-devel-linux-x86_64-fedora-gcc 1.0.4.1 152.34 NOTE
r-devel-windows-x86_64 1.0.4.1 47.00 131.00 178.00 OK
r-patched-linux-x86_64 1.0.4.1 21.72 93.31 115.03 OK
r-release-linux-x86_64 1.0.4.1 17.00 92.85 109.85 OK
r-release-macos-arm64 1.0.4.1 51.00 OK
r-release-macos-x86_64 1.0.4.1 66.00 OK
r-release-windows-x86_64 1.0.4.1 35.00 139.00 174.00 OK
r-oldrel-macos-arm64 1.0.4.1 48.00 OK
r-oldrel-macos-x86_64 1.0.4.1 70.00 OK
r-oldrel-windows-ix86+x86_64 1.0.4.1 45.00 182.00 227.00 OK

Additional issues

clang15 clang15

Check Details

Version: 1.0.4.1
Check: whether package can be installed
Result: WARN
    Found the following significant warnings:
     getLL.c:133:22: warning: invalid UTF-8 in comment [-Winvalid-utf8]
     getLL.c:257:22: warning: invalid UTF-8 in comment [-Winvalid-utf8]
Flavor: r-devel-linux-x86_64-fedora-clang

Version: 1.0.4.1
Check: compiled code
Result: NOTE
    File ‘ACDm/libs/ACDm.so’:
     Found no calls to: ‘R_registerRoutines’, ‘R_useDynamicSymbols’
    
    It is good practice to register native routines and to disable symbol
    search.
    
    See ‘Writing portable packages’ in the ‘Writing R Extensions’ manual.
Flavors: r-devel-linux-x86_64-fedora-clang, r-devel-linux-x86_64-fedora-gcc