CRAN Package Check Results for Package ABACUS

Last updated on 2025-11-23 20:48:40 CET.

Flavor Version Tinstall Tcheck Ttotal Status Flags
r-devel-linux-x86_64-debian-clang 1.0.0 5.89 62.38 68.27 NOTE
r-devel-linux-x86_64-debian-gcc 1.0.0 4.68 44.60 49.28 NOTE
r-devel-linux-x86_64-fedora-clang 1.0.0 14.00 93.30 107.30 OK
r-devel-windows-x86_64 1.0.0 12.00 74.00 86.00 OK
r-patched-linux-x86_64 1.0.0 6.63 58.63 65.26 OK
r-release-linux-x86_64 1.0.0 6.01 57.43 63.44 OK
r-release-macos-arm64 1.0.0 OK
r-release-macos-x86_64 1.0.0 6.00 60.00 66.00 OK
r-release-windows-x86_64 1.0.0 10.00 92.00 102.00 OK
r-oldrel-macos-arm64 1.0.0 NOTE
r-oldrel-macos-x86_64 1.0.0 5.00 50.00 55.00 NOTE
r-oldrel-windows-x86_64 1.0.0 11.00 96.00 107.00 NOTE

Check Details

Version: 1.0.0
Check: CRAN incoming feasibility
Result: NOTE Maintainer: ‘Mintu Nath <dr.m.nath@gmail.com>’ No Authors@R field in DESCRIPTION. Please add one, modifying Authors@R: person(given = "Mintu", family = "Nath", role = c("aut", "cre"), email = "dr.m.nath@gmail.com") as necessary. Flavors: r-devel-linux-x86_64-debian-clang, r-devel-linux-x86_64-debian-gcc

Version: 1.0.0
Check: LazyData
Result: NOTE 'LazyData' is specified without a 'data' directory Flavors: r-oldrel-macos-arm64, r-oldrel-macos-x86_64, r-oldrel-windows-x86_64